
11
Convert -32 (base 8) to base 11.
-24
Convert 2 (base 12) to base 10.
2
Convert 40 (base 9) to base 12.
30
Convert -1 (base 12) to base 10.
-1
Convert -1010 (base 2) to base 4.
-22
10011000 (base 2) to base 6
412
What is 15 (base 14) in base 2?
10011
What is -12 (base 3) in base 7?
-5
Convert -42 (base 11) to base 9.
-51
Convert 173 (base 8) to base 5.
443
What is 11 (base 7) in base 10?
8
What is 9 (base 12) in base 7?
12
What is -224 (base 11) in base 3?
-100221
24 (base 12) to base 4
130
12201 (base 3) to base 12
10a
Convert -9 (base 13) to base 12.
-9
What is -20 (base 6) in base 8?
-14
3 (base 14) to base 13
3
-12 (base 16) to base 10
-18
-2020 (base 5) to base 4
-10010
What is b (base 15) in base 3?
102
What is 0 (base 7) in base 6?
0
Convert -b7 (base 15) to base 16.
-ac
What is 2 (base 14) in base 16?
2
Convert -1 (base 14) to base 13.
-1
What is -124 (base 9) in base 7?
-205
What is 20 (base 9) in base 16?
12
Convert -414 (base 5) to base 9.
-131
Convert -2100 (base 3) to base 6.
-143
What is -3 (base 4) in base 6?
-3
What is -1110 (base 4) in base 3?
-10010
1 (base 15) to base 16
1
Convert 0 (base 7) to base 10.
0
What is -3 (base 4) in base 2?
-11
1a1 (base 13) to base 10
300
2 (base 13) to base 7
2
Convert -4 (base 11) to base 6.
-4
Convert 4 (base 16) to base 2.
100
-50 (base 9) to base 4
-231
3 (base 14) to base 3
10
101 (base 5) to base 2
11010
What is 2 (base 3) in base 7?
2
What is 21 (base 4) in base 5?
14
Convert -21 (base 7) to base 3.
-120
Convert 3 (base 16) to base 6.
3
Convert 8 (base 10) to base 13.
8
What is 0 (base 15) in base 16?
0
Convert -10 (base 11) to base 7.
-14
What is -22 (base 7) in base 11?
-15
What is -13 (base 7) in base 3?
-101
Convert -112 (base 7) to base 6.
-134
What is 10001 (base 2) in base 9?
18
Convert -14 (base 6) to base 3.
-101
-101 (base 4) to base 8
-21
-1 (base 8) to base 10
-1
Convert 31 (base 7) to base 10.
22
What is -3 (base 11) in base 3?
-10
What is 3 (base 4) in base 7?
3
0 (base 9) to base 13
0
-3 (base 6) to base 13
-3
What is 6 (base 13) in base 11?
6
1 (base 15) to base 11
1
-31 (base 8) to base 11
-23
What is 13 (base 6) in base 8?
11
What is -1 (base 5) in base 6?
-1
-1 (base 6) to base 15
-1
11100 (base 3) to base 8
165
Convert -4 (base 6) to base 16.
-4
What is -13 (base 10) in base 15?
-d
-10 (base 4) to base 10
-4
What is 1011110 (base 2) in base 3?
10111
7 (base 13) to base 16
7
What is -214 (base 8) in base 9?
-165
Convert -122 (base 3) to base 12.
-15
What is 2 (base 9) in base 12?
2
3 (base 4) to base 13
3
What is -10100011 (base 2) in base 5?
-1123
What is -90 (base 11) in base 6?
-243
Convert -19 (base 13) to base 8.
-26
What is 35 (base 13) in base 2?
101100
What is 122 (base 6) in base 8?
62
Convert 250 (base 7) to base 10.
133
Convert -20 (base 9) to base 12.
-16
2 (base 16) to base 3
2
146 (base 11) to base 12
123
Convert 102 (base 3) to base 7.
14
Convert -17 (base 11) to base 5.
-33
14 (base 6) to base 14
a
-4 (base 12) to base 4
-10
Convert 58 (base 11) to base 4.
333
Convert 13 (base 12) to base 11.
14
32 (base 15) to base 4
233
-12 (base 7) to base 16
-9
What is -10 (base 2) in base 16?
-2
What is 11 (base 4) in base 13?
5
What is 6 (base 12) in base 7?
6
Convert 1 (base 13) to base 2.
1
What is 5 (base 14) in base 16?
5
-3 (base 11) to base 8
-3
Convert -5 (base 10) to base 8.
-5
What is -150 (base 10) in base 13?
-b7
What is 10 (base 9) in base 6?
13
Convert 36 (base 9) to base 5.
113
Convert 23 (base 8) to base 12.
17
What is -25 (base 12) in base 9?
-32
Convert -3 (base 6) to base 7.
-3
2 (base 3) to base 6
2
Convert 9 (base 11) to base 9.
10
-d (base 15) to base 5
-23
Convert 4 (base 9) to base 14.
4
-64 (base 7) to base 3
-1201
Convert 200 (base 3) to base 12.
16
Convert -11 (base 2) to base 9.
-3
Convert 1010001 (base 2) to base 7.
144
Convert 62 (base 8) to base 13.
3b
-5 (base 7) to base 3
-12
What is -35 (base 14) in base 3?
-1202
Convert -9 (base 14) to base 9.
-10
What is -12102 (base 3) in base 4?
-2102
-1 (base 16) to base 10
-1
What is -50 (base 8) in base 9?
-44
Convert -5 (base 11) to base 6.
-5
-5 (base 9) to base 6
-5
-12 (base 3) to base 12
-5
Convert -13 (base 15) to base 13.
-15
-b6 (base 13) to base 7
-302
Convert -112 (base 10) to base 2.
-1110000
What is 13 (base 9) in base 8?
14
Convert -54 (base 16) to base 6.
-220
Convert -15 (base 10) to base 11.
-14
Convert -46 (base 15) to base 5.
-231
Convert 10000001 (base 2) to base 14.
93
What is -4 (base 7) in base 6?
-4
Convert -11 (base 3) to base 16.
-4
What is a (base 14) in base 16?
a
-320 (base 4) to base 2
-111000
-44 (base 13) to base 12
-48
Convert -3 (base 9) to base 14.
-3
What is 28 (base 9) in base 12?
22
What is -2 (base 6) in base 12?
-2
What is -48 (base 13) in base 14?
-44
What is -10 (base 5) in base 16?
-5
What is 94 (base 10) in base 13?
73
Convert -10 (base 8) to base 4.
-20
Convert -13 (base 16) to base 10.
-19
What is -24 (base 7) in base 15?
-13
Convert -1 (base 11) to base 2.
-1
-3 (base 8) to base 13
-3
Convert -36 (base 16) to base 3.
-2000
Convert -9 (base 16) to base 2.
-1001
Convert 10 (base 5) to base 7.
5
What is -210 (base 3) in base 10?
-21
What is -55 (base 13) in base 2?
-1000110
Convert -1 (base 5) to base 8.
-1
Convert 69 (base 15) to base 11.
90
Convert 0 (base 13) to base 8.
0
What is -243 (base 8) in base 3?
-20001
Convert -2 (base 15) to base 14.
-2
-60 (base 8) to base 12
-40
7 (base 11) to base 6
11
Convert -42 (base 14) to base 3.
-2011
What is 122 (base 3) in base 10?
17
What is -8 (base 10) in base 6?
-12
What is 11 (base 13) in base 16?
e
What is 1 (base 16) in base 12?
1
Convert -113 (base 8) to base 15.
-50
Convert 201 (base 4) to base 2.
100001
Convert -23 (base 9) to base 10.
-21
Convert -32 (base 11) to base 3.
-1022
Convert 10011 (base 2) to base 16.
13
What is -b4 (base 12) in base 13?
-a6
Convert df (base 16) to base 7.
436
What is -4a (base 13) in base 4?
-332
6 (base 13) to base 12
6
Convert -10 (base 2) to base 8.
-2
-33 (base 15) to base 5
-143
17 (base 8) to base 13
12
What is 0 (base 13) in base 14?
0
Convert 231 (base 7) to base 2.
1111000
Convert -11 (base 10) to base 4.
-23
Convert -134 (base 9) to base 13.
-88
Convert -11 (base 4) to base 8.
-5
-10 (base 13) to base 2
-1101
-18 (base 12) to base 8
-24
Convert -121 (base 3) to base 10.
-16
What is -21 (base 11) in base 13?
-1a
1001011 (base 2) to base 12
63
What is -2 (base 8) in base 2?
-10
213 (base 4) to base 3
1110
Convert -19 (base 11) to base 2.
-10100
Convert -12 (base 15) to base 13.
-14
-120 (base 3) to base 11
-14
112 (base 3) to base 14
10
-3 (base 9) to base 15
-3
Convert 5 (base 16) to base 4.
11
What is -13 (base 11) in base 7?
-20
Convert -3310 (base 4) to base 9.
-301
Convert -12 (base 14) to base 9.
-17
What is -153 (base 16) in base 13?
-201
What is 133 (base 5) in base 6?
111
3 (base 4) to base 12
3
What is -82 (base 16) in base 6?
-334
Convert -154 (base 8) to base 3.
-11000
Convert -4 (base 15) to base 16.
-4
What is 10 (base 2) in base 3?
2
What is 1011 (base 3) in base 16?
1f
-84 (base 10) to base 9
-103
-22 (base 3) to base 15
-8
12 (base 13) to base 5
30
What is -9 (base 12) in base 10?
-9
-145 (base 7) to base 9
-101
25 (base 15) to base 10
35
What is 101 (base 2) in base 10?
5
What is 1 (base 9) in base 6?
1
Convert 2 (base 6) to base 3.
2
What is 46 (base 11) in base 13?
3b
Convert 0 (base 5) to base 9.
0
Convert 17 (base 8) to base 4.
33
Convert -22 (base 16) to base 3.
-1021
Convert b (base 14) to base 3.
102
What is 45 (base 7) in base 14?
25
Convert 155 (base 7) to base 8.
131
What is -32 (base 7) in base 3?
-212
0 (base 15) to base 7
0
What is -3 (base 4) in base 2?
-11
3 (base 8) to base 7
3
What is 5 (base 16) in base 7?
5
-112 (base 7) to base 13
-46
Convert 4 (base 7) to base 12.
4
124 (base 7) to base 16
43
-73 (base 9) to base 10
-66
-100 (base 3) to base 10
-9
What is 11 (base 2) in base 14?
3
Convert 1130 (base 4) to base 6.
232
-2112 (base 3) to base 4
-1010
Convert -8 (base 13) to base 3.
-22
What is -47 (base 12) in base 8?
-67
Convert 3a (base 15) to base 9.
61
What is 4a (base 15) in base 9?
77
Convert 0 (base 6) to base 12.
0
4 (base 7) to base 8
4
What is -3 (base 7) in base 4?
-3
Convert 30 (base 4) to base 5.
22
What is